sands digit of 173357?
7
What is the units digit of 17974?
4
What is the ten thousands digit of 10472?
1
What is the units digit of 1446?
6
What is the hundreds digit of 1331?
3
What is the tens digit of 38067?
6
What is the thousands digit of 2460?
2
What is the units digit of 453?
3
What is the units digit of 15072?
2
What is the tens digit of 566?
6
What is the hundreds digit of 828?
8
What is the tens digit of 1576?
7
What is the tens digit of 38316?
1
What is the hundreds digit of 5788?
7
What is the hundreds digit of 77592?
5
What is the tens digit of 2191?
9
What is the tens digit of 417?
1
What is the hundreds digit of 470?
4
What is the tens digit of 60473?
7
What is the hundreds digit of 16208?
2
What is the units digit of 639?
9
What is the thousands digit of 1151?
1
What is the thousands digit of 10897?
0
What is the thousands digit of 6155?
6
What is the thousands digit of 18335?
8
What is the thousands digit of 1739?
1
What is the ten thousands digit of 34206?
3
What is the tens digit of 314?
1
What is the thousands digit of 1146?
1
What is the thousands digit of 74544?
4
What is the hundreds digit of 663?
6
What is the tens digit of 4178?
7
What is the tens digit of 549?
4
What is the hundreds digit of 12879?
8
What is the tens digit of 4565?
6
What is the tens digit of 1796?
9
What is the ten thousands digit of 10799?
1
What is the units digit of 1269?
9
What is the hundreds digit of 36573?
5
What is the hundreds digit of 182813?
8
What is the units digit of 8198?
8
What is the thousands digit of 8170?
8
What is the tens digit of 44418?
1
What is the tens digit of 3900?
0
What is the tens digit of 17398?
9
What is the tens digit of 46191?
9
What is the ten thousands digit of 76265?
7
What is the units digit of 10956?
6
What is the tens digit of 683?
8
What is the ten thousands digit of 10011?
1
What is the thousands digit of 11772?
1
What is the units digit of 1816?
6
What is the tens digit of 19078?
7
What is the ten thousands digit of 12163?
1
What is the units digit of 2291?
1
What is the tens digit of 2096?
9
What is the tens digit of 56105?
0
What is the units digit of 82715?
5
What is the thousands digit of 46849?
6
What is the units digit of 515?
5
What is the tens digit of 9200?
0
What is the units digit of 532?
2
What is the thousands digit of 6606?
6
What is the ten thousands digit of 52443?
5
What is the hundreds digit of 3941?
9
What is the hundreds digit of 4103?
1
What is the units digit of 2045?
5
What is the hundreds digit of 2890?
8
What is the ten thousands digit of 11711?
1
What is the units digit of 2727?
7
What is the hundreds digit of 964?
9
What is the thousands digit of 90330?
0
What is the hundreds digit of 52298?
2
What is the tens digit of 58255?
5
What is the thousands digit of 3002?
3
What is the units digit of 877?
7
What is the units digit of 4641?
1
What is the thousands digit of 1305?
1
What is the thousands digit of 133533?
3
What is the thousands digit of 39401?
9
What is the tens digit of 30083?
8
What is the thousands digit of 125976?
5
What is the tens digit of 3286?
8
What is the hundreds digit of 709?
7
What is the units digit of 20391?
1
What is the tens digit of 4218?
1
What is the hundreds digit of 4776?
7
What is the thousands digit of 5747?
5
What is the thousands digit of 43570?
3
What is the units digit of 1115?
5
What is the tens digit of 1750?
5
What is the hundreds digit of 1440?
4
What is the units digit of 5428?
8
What is the tens digit of 25?
2
What is the thousands digit of 19150?
9
What is the thousands digit of 34734?
4
What is the tens digit of 16035?
3
What is the ten thousands digit of 12917?
1
What is the hundreds digit of 32001?
0
What is the units digit of 1503?
3
What is the thousands digit of 2636?
2
What is the units digit of 11987?
7
What is the hundreds digit of 875?
8
What is the thousands digit of 4292?
4
What is the thousands digit of 29430?
9
What is the thousands digit of 22896?
2
What is the units digit of 37402?
2
What is the hundreds digit of 6575?
5
What is the thousands digit of 13303?
3
What is the tens digit of 35569?
6
What is the thousands digit of 40380?
0
What is the hundreds digit of 147?
1
What is the tens digit of 24772?
7
What is the tens digit of 3503?
0
What is the units digit of 1002?
2
What is the units digit of 34088?
8
What is the tens digit of 542?
4
What is the units digit of 1088?
8
What is the hundreds digit of 1428?
4
What is the thousands digit of 13725?
3
What is the hundreds digit of 15774?
7
What is the hundreds digit of 1047?
0
What is the hundreds digit of 2073?
0
What is the tens digit of 2082?
8
What is the units digit of 1399?
9
What is the hundreds digit of 2292?
2
What is the hundreds digit of 103227?
2
What is the units digit of 2831?
1
What is the units digit of 46858?
8
What is the hundreds digit of 38124?
1
What is the units digit of 1244?
4
What is the tens digit of 21547?
4
What is the tens digit of 236?
3
What is the units digit of 5413?
3
What is the tens digit of 1225?
2
What is the hundreds digit of 4809?
8
What is the tens digit of 1345?
4
What is the tens digit of 24230?
3
What is the units digit of 6021?
1
What is the units digit of 84751?
1
What is the tens digit of 8702?
0
What is the tens digit of 960?
6
What is the hundreds digit of 15441?
4
What is the ten thousands digit of 18645?
1
What is the thousands digit of 5099?
5
What is the ten thousands digit of 11185?
1
What is the units digit of 49?
9
What is the units digit of 385?
5
What is the units digit of 3394?
4
What is the hundreds digit of 8852?
8
What is the units digit of 8934?
4
What is the thousands digit of 6606?
6
What is the tens digit of 55581?
8
What is the units digit of 6039?
9
What is the tens digit of 4821?
2
What is the tens digit of 9393?
9
What is the hundreds digit of 82103?
1
What is the thousands digit of 11342?
1
What is the thousands digit of 46745?
6
What is the ten thousands digit of 87217?
8
What is the units digit of 6972?
2
What is the thousands digit of 1296?
1
What is the tens digit of 2290?
9
What is the thousands digit of 164970?
4
What is the ten thousands digit of 22993?
2
What is the hundreds digit of 7474?
4
What is the hundreds digit of 32203?
2
What is the hundreds digit of 17928?
9
What is the ten thousands digit of 41090?
4
What is the units digit of 21350?
0
What is the thousands digit of 22359?
2
What is the units digit of 47830?
0
What is the hundreds digit of 16462?
4
What is the tens digit of 5136?
3
What is the tens digit of 7403?
0
What is the hundreds digit of 3276?
2
What is the tens digit of 21?
2
What is the hundreds digit of 1989?
9
What is the tens digit of 942?
4
What is the hundreds digit of 40414?
4
What is the tens digit of 1345?
4
What is the thousands digit of 42292?
2
What is the hundreds digit of 6227?
2
What is the thousands digit of 3881?
3
What is the tens digit of 10168?
6
What is the units digit of 148?
8
What is the tens digit of 555?
5
What is the units digit of 12025?
5
What is the units digit of 816?
6
What is the thousands digit of 3429?
3
What is the units digit of 16944?
4
What is the hundreds digit of 1684?
6
What is the ten thousands digit of 22679?
2
What is the hundreds digit of 3399?
3
What is the ten thousands digit of 13263?
1
What is the thousands digit of 1273?
1
What is the hundreds digit of 1870?
8
What is the thousands digit of 1705?
1
What is the thousands digit of 7292?
7
What is the hundreds digit of 781?
7
What is the units digit of 67641?
1
What is the units digit of 4776?
6
What is the thousands digit of 33730?
3
What is the ten thousands digit of 36000?
3
What is the units digit of 14110?
0
What is the thousands digit of 27163?
7
What is the tens digit of 3660?
6
What is the units digit of 5812?
2
What is the hundreds digit of 992?
9
What is the tens digit of 20011?
1
What is the units digit of 3006?
6
What is the tens digit of 31334?
3
What is the tens digit of 8505?
0
What is the hundreds digit of 268?
2
What is the units digit of 37677?
7
What is the hundreds digit of 487?
4
What is the hundreds digit of 3708?
7
What is the units digit of 3677?
7
What is the units digit of 35331?
1
What is the tens digit of 43139?
3
What is the tens digit of 1852?
5
Wh